 v be 2 + (-9)/6 + (-19)/(-2). What is the units digit of ((-1)/b)/(v/1680)?
6
Let g = -42 + 42. Let r be (-4)/(-3)*(-6 + g). What is the units digit of (116/r)/((-1)/6)?
7
Let f(p) = p**3 - 9*p**2 + 15*p - 3. Let a be f(7). Let o be 2844/16 + ((-51)/(-12) - a). What is the units digit of (6 - 9) + o + -1?
4
Let t(y) = 6*y + 29. Let n be t(-5). What is the tens digit of 11*n*(-14 - 44)?
3
Let k = 127531 + -60697. What is the ten thousands digit of k?
6
Suppose -l = 5*s + 15, -2*l + s + 0*s = -3. Suppose l = -m + 3*m - 462. Suppose 9*f - 2*f = m. What is the units digit of f?
3
Suppose 18*t = 212601 - 71841. What is the thousands digit of t?
7
Suppose -2*v = v - 18. Let c(a) = -a**3 + 6*a**2 + 3*a - 15. Let d be c(v). Suppose -4*o - 2*f + 22 = -3*o, -3*f + 54 = d*o. What is the tens digit of o?
1
Let o(y) = -y**3 + 28*y**2 + 95*y + 15. Let f be ((-3)/18)/(12/(-2232)). What is the tens digit of o(f)?
7
Suppose -27*f + 5884 + 117722 = -9*f. What is the tens digit of f?
6
Suppose 2 = 6*r - 124. Suppose -14 = -5*y + 4*v, 0 + 7 = 4*y + v. Suppose -x - y*n = -18, -6 = 5*n - r. What is the tens digit of x?
1
Let y = 295 + 1452. What is the thousands digit of y?
1
Let a(g) = -380*g + 3632. What is the thousands digit of a(-59)?
6
Let l(r) = 3*r**2 + 38*r + 219. What is the units digit of l(-61)?
4
Suppose 19*g + 14430 = -18*g. What is the hundreds digit of 5*(-13)/(g/4236)?
7
Let d = -233 - -137. What is the tens digit of -606*4/d*1*4?
0
Suppose -k + 6*k = 15, r - 2379 = -4*k. Suppose s - 477 = -4*h, 7*s = 2*s - 2*h + r. Suppose 2*a = 10, 0*i = -4*i - 5*a + s. What is the tens digit of i?
1
Let t = -457 + 424. What is the tens digit of (-1 - t/(-4))/((-1)/4)?
3
Suppose 24*i - 79*i = -1015685. What is the thousands digit of i?
8
Suppose 0 = -2*z + x + 4557, 4*z - 9103 + 4 = -3*x. What is the units digit of z?
7
Let l be 18/4*(-416)/(-156). Suppose 13*g = -l*g + 19475. What is the hundreds digit of g?
7
Let x(f) = 5*f**2 - 23*f - 54. Let y be x(30). Suppose 5*p + 3*m = y + 1133, 3*p + m = 2931. What is the hundreds digit of p?
9
Let d(l) = 4*l**2 - 22*l - 27. Let t(b) = 4*b**2 - 23*b - 28. Let z(c) = -4*d(c) + 5*t(c). What is the tens digit of z(20)?
2
Suppose 34*s + 33541 - 1157438 = 108433. What is the units digit of s?
5
Let c be (172/(-6))/1*-9. Let o be (1/(-3))/(2/c). Let n = o - -68. What is the tens digit of n?
2
Let j be (0*(-3 + 4))/(-14 + 12). Suppose -5*c - 5*u + 10270 = 0, c - 5*u + j*u = 2054. What is the tens digit of c?
5
Suppose 70 - 60 = p. What is the units digit of (-4 + 297 + p)*(-4)/(-6)?
2
Let r(j) = -5 - j**3 - 116*j + 13*j**2 + 7*j**3 - 5*j**3 + 13*j**2 - 8*j**2. What is the hundreds digit of r(-21)?
1
Suppose -4*r + 7*r = 21. Suppose 48 = r*u + u. Suppose -u*d + 137 = -241. What is the tens digit of d?
6
Suppose 5*x - 66871 = -h, -40129 = -3*x - 886*h + 887*h. What is the tens digit of x?
7
Let k = 19241 + 29281. What is the thousands digit of k?
8
Let h be -1493 + -5 - 6/(-6). Let n = -739 - h. What is the units digit of n?
8
Let b(i) = 51*i**3 + 4*i**2 - 4*i - 2. Let t be b(2). Let n = t - -364. What is the units digit of n?
8
Let y = 0 + 9. Let x(c) = -c**2 + 7*c + 15. Let d be x(y). What is the hundreds digit of d + ((-422)/6)/((-13)/39)?
2
Let x(p) = -650*p**3 - 3*p**2 - 4*p - 2. Suppose -7*w - 73 = -66. What is the units digit of x(w)?
9
Suppose 504901 = 144*q - 544253 - 1499214. What is the tens digit of q?
9
Let i = 99554 + -52129. What is the tens digit of i?
2
Let q(l) = l**2 + 16*l + 18. Suppose -5*y = h + h + 190, 2*h = -2*y - 76. What is the units digit of q(y)?
4
Suppose -48*l = -77*l + 1052236. What is the thousands digit of l?
6
Let f(u) be the second derivative of 0*u**4 + 21/5*u**5 + 0 - 7*u + 0*u**2 - 1/6*u**3. What is the units digit of f(1)?
3
Suppose 0 = -i + 3*f + 105, 0 = i + i - 4*f - 214. Let n = 122 - i. Suppose 0 = -n*m + 260 + 1764. What is the hundreds digit of m?
1
What is the tens digit of (50/15)/(4 - 268/72)?
1
Suppose -53*v = -1871530 - 891784. What is the units digit of v?
8
Let t(n) = 2463*n**2 + 131*n + 25. What is the units digit of t(-5)?
5
Suppose 2*z - 12 = -2*m, 0 + 10 = z - m. Suppose 38 = z*a - 4*a + 2*f, -5*a - 4*f + 46 = 0. What is the units digit of a?
0
Let t be 9 - (-48)/36 - (-2)/3. Suppose -2*g = 3*m - 518, -13*g + t*g - m + 514 = 0. What is the units digit of g?
6
Let n be (-2)/((3/(-27))/((-9)/(-18))). Suppose 19*z - n*z - 14470 = 0. What is the units digit of z?
7
Suppose -583719 - 758004 = -57*q. What is the thousands digit of q?
3
Suppose 2*d + 144 = -2*d. Let i(n) = -n**3 - 15*n**2 - 75*n + 1. Let l be i(-11). What is the tens digit of (-1554)/(-38) - d/l?
4
Let o = -34197 + 61383. What is the tens digit of o?
8
Suppose 0*w = w + 22. Suppose -r = -2*p - 4*r + 186, -4*p + 5*r + 350 = 0. Let n = p - w. What is the tens digit of n?
1
Let p = 42 + -48. Let g be -1*8/6*p. Suppose 5*i - 2*f = 134, 88 = 3*i - g*f + 3*f. What is the tens digit of i?
2
Suppose 2*h - 12 = 7*f - 4*f, -3*f = 6. Suppose -8*y = -3*y - 15, -h*y = a - 482. What is the units digit of a?
3
What is the units digit of (0 + 790)/(-5 + (-943)/(-184))?
0
Let q = -104 - -106. Let n = -16 - q. What is the units digit of (-117)/n - 3/6*-1?
7
Suppose -2*o = -203 - 477. Let a(l) = -4*l**2 - 3*l + 1. Let y be a(6). Let w = o + y. What is the units digit of w?
9
Let h(o) = -16*o + 47. Let g be h(3). What is the units digit of (-11326)/(-140) + g/(-10)?
1
Suppose -7*s = -2263 - 894. Let b = 471 - s. What is the tens digit of b?
2
Let h(j) be the third derivative of j**5/60 - 5*j**4/6 + 47*j**3/6 - 2*j**2. Let c be h(13). Let a = c + 121. What is the units digit of a?
7
Suppose 2*m - 693*p + 696*p - 43036 = 0, -2*m + 43040 = 2*p. What is the tens digit of m?
2
Suppose h = p + 2 + 16, -5*h + 66 = 3*p. Suppose h*q + 582 = 16*q. What is the units digit of q?
2
Suppose 8 = -0*j - 4*j - f, 4*j + 8 = 3*f. Let z be (129/(-6)*j)/(0 + 1). Let s = 156 - z. What is the units digit of s?
3
Let y = 2151 + -1762. What is the tens digit of y?
8
Suppose -8*y + 13*y = 5, 4*y = -q + 4. Suppose 182 = 3*o - i - 1067, q = o - i - 417. What is the units digit of o?
6
Let l be 2/(-9) - (-24)/108. Suppose l = -6*p + 226 + 716. What is the hundreds digit of p?
1
Let n(i) = 75*i**3 + 8*i**2 - 12*i - 2. What is the units digit of n(5)?
3
Let w(b) be the third derivative of 73*b**4/24 - 23*b**3/6 - b**2 + 6*b. What is the hundreds digit of w(6)?
4
Let p = 4093 - 991. What is the units digit of p?
2
Suppose 5*u - 37135 = 5*y, -2*y = -3*u + 2865 + 19419. What is the units digit of u?
0
Suppose 4*c - 29 = 5*j, 11*c - 9*c - 10 = -2*j. What is the tens digit of ((-3)/c - 0)*2 + 142?
4
Suppose -42123 = -11*s - 5867. Suppose -34*i + 32*i = -s. What is the units digit of i?
8
Let p(r) = 2*r**2 + 15*r - 26. Let j be p(-8). What is the units digit of (-4)/j - 247086/(-567)?
6
Let p = 143 - 393. Let q = 392 + p. What is the units digit of q?
2
Suppose 2*i + 4725 = -3093. Let q = -2324 - i. What is the hundreds digit of q?
5
Suppose -89*w = -96*w + 54873. What is the units digit of w?
9
Suppose -5*b + 59 = 34. Suppose -v = -5*c + 2210, 2*v + 112 + 2093 = b*c. What is the hundreds digit of c?
4
Let h = -25792 + 65956. What is the thousands digit of h?
0
Let k = -1296 + 15148. What is the units digit of k?
2
Let o = 37497 - 31278. What is the tens digit of o?
1
Let t be (1 + 0)*80*24/384. Let n(w) = -5*w - w**3 + 0*w + 6*w**2 + 18 + 0*w. What is the tens digit of n(t)?
1
What is the thousands digit of (3 + 4/8*-10)*-8417?
6
Let q be 5 + (4953/5 - 3/5). Let j = q + -537. What is the hundreds digit of j?
4
Let u(p) = -39*p + 61. Let z be u(-3). Suppose 0 = 174*f - z*f + 4728. What is the thousands digit of f?
1
Let j(p) = -p**2 - 5*p - 56. Let g be j(-13). Let x = g - -296. What is the units digit of x?
6
Let z be (-4)/14*-1 - 15453/63. Let c = 635 + z. Suppose -58 + c = 4*m. What is the tens digit of m?
8
Let m(i) = -i**2 + 6*i + 6. Let u be m(7). Let h(c) be the second derivative of 7*c**4/3 - c**3/2 - c**2 - 7*c. What is the units digit of h(u)?
9
Suppose n + 38 = k + 471, -3*k - 2*n - 1304 = 0. Let t = k + 1009. What is the tens digit of t?
7
Let h be 3 - (-3 - -3)/2. Suppose -l = 2*y - 1081, h*y = -0*l - 5*l + 1611. What is the tens digit of y?
4
What i